-4)/(-10)*(3 - 143). Let s = -28 - a. List the prime factors of s.
2, 7
Suppose -3*z - 2*m - 11 - 5 = 0, 2*z + 36 = 5*m. Let g be -3*(z/(-6) - 0). Let w = g + 7. What are the prime factors of w?
3
Let w(o) = -3*o**3 + 13*o**2 + 5*o - 1. Let h(m) = 5*m**3 - 20*m**2 - 8*m + 2. Let d(a) = 5*h(a) + 8*w(a). List the prime factors of d(-3).
11
Suppose 4*c = -2*z + 142, -3*c + 2*z + 16 = -101. List the prime factors of c.
37
Let s(p) = -p**3 + 5*p**2 + p - 2. Suppose 11 = 3*f - 4*z, -2*z - 23 = f - 6*f. Let a be s(f). Suppose 0 = -a*c + 26 + 4. What are the prime factors of c?
2, 5
Suppose 0 = -0*a - a - 3. Let l = 0 - a. What are the prime factors of (l + -1)*4/2?
2
Let h(o) be the first derivative of -o**4/4 - o**3 + 3*o**2 - 5*o + 2. What are the prime factors of h(-5)?
3, 5
Let h be (4 - 6/3) + 2. Let n = h - 7. List the prime factors of (-4 + 1)/(n/8).
2
Let y = 19 + -14. What are the prime factors of y?
5
Let w(n) = -n**2 - 2*n. Let m(x) = -x. Let t(g) = 3*m(g) - w(g). Suppose 3*k = 2*k - 2. List the prime factors of t(k).
2, 3
Suppose 4*y = -5*x + 26, 0 = 3*y - 4*y + 4. Suppose x*l = 6*l - 24. Suppose -2*u + 0 = -l. List the prime factors of u.
3
Let d = -33 - -39. List the prime factors of d.
2, 3
Let s(l) = 3*l - 42 + 42. What are the prime factors of s(2)?
2, 3
Let k be (1 - (-10)/(-4))*-2. Suppose 0 = -4*d + k*d + 3. List the prime factors of d.
3
List the prime factors of -4 - 1/(1/(-29)).
5
Suppose 20 = 6*d - d, 0 = 5*j + 2*d - 113. List the prime factors of j.
3, 7
Let s(i) = -9*i - 14. Let d(w) = 5*w + 7. Let m(c) = 5*d(c) + 3*s(c). List the prime factors of m(-10).
13
Let v = -7 - 19. What are the prime factors of 2/12*v*-3?
13
Let l(a) be the third derivative of 1/15*a**5 - 1/120*a**6 + 5/24*a**4 + 0 + 0*a + 5/6*a**3 + 3*a**2. What are the prime factors of l(5)?
5
Suppose -5*a - 231 = 9. Let d = -30 - a. List the prime factors of d.
2, 3
Let u = 9 - 12. Let p = u + 21. What are the prime factors of p?
2, 3
Suppose 0 = 4*h - 7*h + 72. What are the prime factors of h?
2, 3
Let h be (1/(-2))/(-1)*8. Suppose h*m - 16 = -4. Suppose -v = v + m*a - 13, a - 11 = -2*v. What are the prime factors of v?
5
List the prime factors of ((-2364)/(-36))/(1/3).
197
Suppose -2*c = 4*q - 0*c - 432, 4*q - 432 = -4*c. What are the prime factors of q?
2, 3
Let x(i) = i - 3. Let c(q) = q**2 + q + 8. Let r be c(0). What are the prime factors of x(r)?
5
List the prime factors of ((-5)/((-20)/(-296)))/(-2).
37
Suppose v + 5*o - 45 = 0, -v + 2*o + 21 = -o. Suppose -v = -3*s + 9. List the prime factors of s.
13
What are the prime factors of 0 - (-1 + -1) - -30?
2
Suppose -13*r + 11*r + 130 = 0. List the prime factors of r.
5, 13
Let w = 0 - -3. Suppose w*x + x - 52 = 0. List the prime factors of x.
13
Let a(x) = -x**2 - 11*x - 14. List the prime factors of a(-9).
2
Suppose 3*p + 2*c = -5, -4*p - p = c + 20. What are the prime factors of ((-3)/p)/(9/315)?
3, 7
What are the prime factors of 6600/168 + (-4)/14?
3, 13
Let b(h) = -2*h - 7. Let v be b(-5). Suppose v*i - 35 = -2*i. What are the prime factors of i?
7
Let b be 60/(-18) - 2/3. What are the prime factors of (5 - 6)/(2/b)?
2
Let l be (-12)/(-8)*-2*-1. Suppose -4*m = u - 4*u - 61, 2*m - l*u = 23. List the prime factors of m.
19
Let l be (7/(-2))/((-5)/10). Suppose -l*y = -5*y - 72. List the prime factors of y.
2, 3
Suppose 0 = -d - 1 + 3. Suppose -8*l = -4*l - w - 31, -d*l + 23 = w. Suppose -t + 2*t = l. List the prime factors of t.
3
Suppose 8*u - 30 = 3*u. Let i be (-7)/(-3) + (-4)/(-6). Suppose -2*s = u, 2*z + i*s - 6 = -s. What are the prime factors of z?
3
Suppose 0 = -5*c + 9 + 36. Let s(r) = r - 1. Let b be s(-2). List the prime factors of (21/c)/((-1)/b).
7
Let o = 331 - -41. List the prime factors of o.
2, 3, 31
Suppose 3*c = 6 + 3. Suppose -w - 14 = -2*r + c*w, w + 6 = r. Suppose -r*h = -4*h + 4*o - 33, -5*o = -2*h + 1. What are the prime factors of h?
13
Suppose 0 = -3*i - 5*f + 1002, 2*f = -2*i - 3*f + 668. List the prime factors of i.
2, 167
Suppose 0*x + 2*x + 26 = 0. Let r = x - -19. List the prime factors of r.
2, 3
Let l(i) = i**2 + 9*i + 8. Let h be l(-13). Suppose -2*t - 2*x + h = 0, 7*t = 3*t + x + 115. What are the prime factors of t?
29
Let v(i) = i**3 - 9*i**2 + 11*i - 3. Suppose 2*b = 5*b - 24. List the prime factors of v(b).
3, 7
Suppose -8*y = -4*y - 16. What are the prime factors of y/(-22) - (-4671)/99?
47
Let x(m) = -7*m - 5. List the prime factors of x(-3).
2
Let i(o) = -o**2 - 6*o - 4. Let f be i(6). Let c = 137 + f. Suppose 3*p + c = 5*k + p, -4*k + 5*p + 59 = 0. What are the prime factors of k?
11
Let m = -863 - -1238. List the prime factors of m.
3, 5
Let m = 0 - 1. Let n be (3 + m + -2)/1. List the prime factors of 4 + -2 - (-1 + n).
3
Let v be 154/(-10) - (-10)/25. What are the prime factors of ((-56)/35)/(1/v)?
2, 3
Suppose 22*b = 26*b - 48. List the prime factors of b.
2, 3
Let z(r) = 13*r**3 + 2*r**2 - 2*r + 1. Suppose 4 = 2*y + 2. What are the prime factors of z(y)?
2, 7
Let l(k) = k**3 + 5*k**2 + 2*k + 1. List the prime factors of l(-4).
3
Let m = 0 - -5. Suppose -2*p = -5*u + p + 234, -3*p = -2*u + 99. Suppose -4*i + i = 2*h - 32, 0 = -4*i - m*h + u. List the prime factors of i.
2, 5
Let p(f) = -6 + 7*f - 8*f + 0*f. Let j(v) = v**2 + 7*v - 5. Let k be j(-6). List the prime factors of p(k).
5
Let c = 261 + -186. List the prime factors of c.
3, 5
Suppose g = 41 + 36. Let w = -52 + g. List the prime factors of w.
5
Let z(f) = 26*f + 3. What are the prime factors of z(3)?
3
Suppose 0 = 3*y + 3 - 0, -4*y = -2*n - 32. Let z = n + 25. List the prime factors of z.
7
Let b(r) = 7 + 2*r**2 - 12*r - 3 + 1 + 0. List the prime factors of b(8).
37
Let r(h) = h**2 - 3*h + 1. List the prime factors of r(6).
19
Suppose -2*n - n = -2*d + 10, 5*n + 4 = -3*d. Let l be n/(-5) - (-12)/(-5). Let y = 10 - l. List the prime factors of y.
2, 3
Let k be 1 - (3 + -2 + 0). Let h be (k - 4)*(-1)/(-2). What are the prime factors of (-144)/(-10) - h/(-5)?
2, 7
Let b(n) = 2*n + 6. Let w be b(-4). Suppose -2*z + 3 = -3. Let j = z - w. What are the prime factors of j?
5
Suppose -2*o + 6 = -28. Let n = o - 3. What are the prime factors of n?
2, 7
Let m = 167 - 75. What are the prime factors of m?
2, 23
Let t be ((-2)/4)/(1/(-18)). List the prime factors of (-1 - -55)*t/18.
3
Let f(n) = n**2 - 6*n - 2. List the prime factors of f(10).
2, 19
Suppose -5*s - 16 = -2*r - 42, 3*r + 29 = 5*s. Let o = s - 13. Let f = o - -17. List the prime factors of f.
2
Suppose 3*q + 12 = 0, 5*h + q - 12 = h. What are the prime factors of h?
2
Let j be 35/(-49) + 4/(-14). List the prime factors of j/(1 - 120/116).
29
Let q = 5 + 66. What are the prime factors of q?
71
Let s be ((-2)/2)/(3/21). Let b = s + 15. What are the prime factors of b?
2
Let h(v) = 2*v**2 - 6*v - 2. What are the prime factors of h(5)?
2, 3
Let v(u) = -u**3 - 5*u**2 - 6*u - 6. Let d be v(-4). Let l be (d + -1)/((-1)/(-2)). List the prime factors of l*(-3 - (-51)/6).
11
List the prime factors of 18/5 + (-12)/(-30).
2
Let s be (-6)/3*(-2 + -3). Suppose 0 + s = -5*f, 2*f = 2*i - 14. What are the prime factors of i?
5
Let b = 327 - 222. List the prime factors of b.
3, 5, 7
Suppose 0*q - 12 = 2*q. Let p(c) = -2*c + 12. Let o be p(9). What are the prime factors of o/(-3) - q - 2?
2, 3
Suppose 61*y - 66*y + 285 = 0. List the prime factors of y.
3, 19
Let m = 48 - 20. List the prime factors of (-188)/(-14) - 12/m.
13
Let h be 1*-5*(-90)/50. What are the prime factors of (-60)/(-16) - h/12?
3
Let r be (0 + -1)*(-1 + -3). Suppose r*f - 26 = 3*k, -25 = -5*f - 5*k - 10. Suppose -j + 4 = -f. List the prime factors of j.
3
Let n(l) = l**2 + 6*l - 9. Let s be n(-8). Let b = 6 - s. What are the prime factors of (-7)/((3/b)/3)?
7
Suppose -3*c + 30 - 3 = 0. Let v = -1 + c. List the prime factors of v.
2
Let w(u) = 2*u - 1. Let m be w(1). What are the prime factors of (-3)/(9/(-69)) + m?
2, 3
Let s(z) = 7 + 9*z + 10*z**2 + z**3 - 2*z - 22*z. List the prime factors of s(-11).
3, 17
Suppose o + 4 = 2*o. Let x = o + 3. Suppose -5*y + x*y - 34 = 0. What are the prime factors of y?
17
What are the prime factors of 16/(5/20 + 0)?
2
Suppose 0 = -8*v + 3*v - 140. Let n = v - -59. List the prime factors of n.
31
List the prime factors of 633/(-9)*7/(7/(-3)).
211
Suppose x - 8